 26*s + 50. Let v be j(28). What is the tens digit of (-551)/v - (-26)/156?
9
Suppose 2 = 18*n - 34. Suppose -5*q + 438 = n*a, -4*a + 6*q + 898 = 5*q. What is the tens digit of a?
2
Suppose 2286 = 4*o + y, -7*y + 1136 = 2*o - 3*y. Suppose 2*h + 706 = 5*i, -4*i - 2*h + 0*h + o = 0. What is the hundreds digit of i?
1
Suppose 18 = -5*q + 48. Let v(h) = -q*h - 6 + 0 + 6*h + 4*h. What is the tens digit of v(8)?
2
Let y(a) = -a**3 + 24*a**2 - 45*a - 49. What is the hundreds digit of y(21)?
3
Let c be 2/(-20)*-5*0. Suppose -5*f - 5*y + 25 = c, 0 = 4*f - 0*y - 2*y - 2. Suppose 7*n - f*n = 180. What is the units digit of n?
6
Let k = 7 + -8. Let x = -2 + k. What is the tens digit of 27/((27/(-6))/x)?
1
Let r(z) = z**3 + 12*z**2 + 7*z + 12. Let v be r(-11). Let s = -23 + -16. Let k = s + v. What is the tens digit of k?
1
Let c = 19 + -14. Suppose 13 = -c*d - 27. What is the units digit of d/((-35)/(-20) - 2)?
2
Suppose -42 = -3*w - 2*t, 3*w - 10 = -3*t + 29. Suppose 0 = -0*h + 2*h - w. Let s(k) = -k**2 + 11*k - 9. What is the units digit of s(h)?
5
Let p(g) = -3*g**3 - 8*g**2 - g**3 + 9*g**3 - 4*g**3 - 4 + 8*g. What is the units digit of p(7)?
3
Suppose -9*g + 394 + 20 = 0. Suppose 5*r + 51 = -79. Let s = r + g. What is the units digit of s?
0
Let v(f) = -7*f - 26. Let k = -17 + 1. What is the tens digit of v(k)?
8
Let l(m) = m + 1. Let k = -10 - -9. Let x be l(k). Suppose 4*a + h - 46 = x, 0*a = 3*a - 4*h - 25. What is the tens digit of a?
1
Suppose -761*p = -771*p + 21620. What is the hundreds digit of p?
1
Suppose -5*q + 981 = 156. Suppose 2*g + 3*g + 550 = 0. Let l = g + q. What is the tens digit of l?
5
Suppose -15*a + 7 = -38. Let n(q) = 2 + 2 + q + 4*q. What is the units digit of n(a)?
9
Suppose 4*a + 34 = q - 0*a, -2*a = q - 22. Let m = 1115 - 1110. Let j = q - m. What is the units digit of j?
1
Suppose 3*o - 57 = -51. Suppose o*b - 348 = -b. What is the hundreds digit of b?
1
Suppose -336 - 185 = -3*n + 4*u, 0 = -5*n - u + 899. What is the tens digit of n?
7
Suppose 5*i - 20 = 0, 5*p + 4*i = -13 + 44. Suppose z + p*z = 12. What is the units digit of -1 - (-1)/(z/12)?
3
Let b = -167 - -91. Let t = 218 + b. What is the units digit of t?
2
Suppose 6*x - 6552 - 1338 = 0. What is the tens digit of x?
1
Suppose i - 717 = a, 4*i + a + 0*a = 2878. What is the tens digit of i?
1
Let a be (9 - 5) + (-10 - -1). Let q = 9 + a. Suppose 2*j + q*b - 78 = -0*j, 0 = -2*j + 5*b + 96. What is the units digit of j?
3
Let v = -17 - -40. Let d = -21 + v. What is the units digit of d?
2
Let i(z) = 3*z**2 - 3*z - 9. Let w(t) = -t - 20. Let f be w(-16). What is the units digit of i(f)?
1
Suppose 2*v = 5*n + 46, 4*n - n = 5*v - 39. Let r be (-2)/n + (-210)/8. Let h = r + 49. What is the units digit of h?
3
Let l(x) = 4*x**2 + 20*x + 28. What is the hundreds digit of l(-12)?
3
Suppose -8*v + 3*n - 670 = -10*v, -8 = 4*n. What is the tens digit of v?
3
Let w = 6402 - 1761. What is the thousands digit of w?
4
Suppose 62 = -0*y + 2*y. Suppose -4*k + 0*k + 5*q = 138, 3*q = k + y. Let x = -14 - k. What is the units digit of x?
3
What is the tens digit of (-183)/61 - (-3032)/2?
1
Let b(j) = j + 11 + 2 + j. Suppose 0 = 5*g - 5*s - 27 + 2, -4*g + 15 = -5*s. What is the tens digit of b(g)?
3
Let v(k) = -1. Let w(p) = 189*p + 2. Let i(d) = v(d) + w(d). What is the tens digit of i(1)?
9
Let d(n) = n**3 - 5*n**2 - 5*n - 2. Suppose 5*o = 3*o + 12. Let z be d(o). Suppose 2*g + z*a - 78 = 8, -4*g - 2*a = -202. What is the units digit of g?
3
Let l = 322 - -176. Suppose 7*s = 13*s - l. What is the units digit of s?
3
What is the thousands digit of ((-12)/16)/((-15)/21160)?
1
Let v(k) = 14*k**2 - 8*k + 9. Let h(r) = -r**2 - 6*r + 11. Let d be h(-7). What is the tens digit of v(d)?
0
Let p be 2/((-15)/(-10) - 1). Suppose p*w - 255 = -3*s, -s + 3*w - 414 = -6*s. What is the units digit of s?
1
Let m be (63/(-12) - -4)*-8. Suppose -n + 12 - m = 0. Let i(v) = 2*v**3 - 3*v**2 + 3*v - 4. What is the units digit of i(n)?
6
Let q be 86 + (-4)/((-3)/((-9)/3)). Suppose -q = 4*y - 5*y. What is the tens digit of y?
8
Let k be (-186)/4*(-4)/(-3). Let i = k - -100. What is the units digit of i?
8
Let a(q) = q**3 + 14*q**2 + 13*q - 3. Let p be a(-13). Let x = -1 - p. Suppose 6*w - 5*d = x*w + 75, 78 = 5*w - d. What is the units digit of w?
5
Let f = 229 - 207. Let y(h) = h**2 + 4*h + 5. Let j be y(-4). Let p = f + j. What is the units digit of p?
7
Suppose 0 = -4*r - r + 30. Suppose -r*p + 1088 = 2*p. What is the tens digit of p?
3
Suppose 174*h + 2037 = 175*h. What is the hundreds digit of h?
0
Let f be -1 + -2 + 3 + -4. Let s be (1/1)/(-3 - f). Suppose -9 = -2*z + s. What is the units digit of z?
5
Let y(n) be the first derivative of n**4/4 - 11*n**3/3 + 11*n**2/2 + 2*n + 15. What is the units digit of y(10)?
2
Let q = 775 + -535. What is the tens digit of q?
4
Let h(x) = x**3 - 8*x**2 - x - 2. Let v be h(8). Let a = v + 14. Suppose -b - 2*t = -t - 10, 36 = a*b + 2*t. What is the units digit of b?
8
Suppose c - 7 = -j - 0*j, j = -4*c + 19. Suppose -j*g + 4*g - 4*w - 1 = 0, -5*g = -5*w + 55. What is the units digit of (-260)/g - (-1)/(-3)?
7
Let o = 5 + -10. Let y(k) = k**3 - 2*k**2 - 8*k + 3. Let m be y(4). What is the units digit of (-4)/12*o*m?
5
Let z = 72 - -249. What is the tens digit of z?
2
Suppose 0 = -2117*j + 2106*j + 6754. What is the hundreds digit of j?
6
Suppose -3*c = 3*n - 1350, 2*c - 894 = -0*c + 4*n. What is the tens digit of c?
4
Let o(j) = 5*j**2 + 6*j - 6. Suppose -4*z - z = -30. Let b be o(z). What is the tens digit of (4/10)/(7/b)?
1
Let t(v) = -3*v. Let p = 21 + -16. Let o be t(p). Let l = 25 + o. What is the units digit of l?
0
Let k = -891 - -969. What is the tens digit of k?
7
Let x(w) = w**3 + 9*w**2 - 14*w - 18. Suppose -16 - 56 = 9*u. What is the hundreds digit of x(u)?
1
Let t = -74 - -250. What is the tens digit of t?
7
Let z = 48 + -48. Suppose -2*p + 103 = v, z*v - v + 5*p = -68. What is the tens digit of v?
9
Let g = -439 + 868. What is the hundreds digit of g?
4
Let b be (6/15)/((-2)/(-20)). Suppose 0 = v + b*v + 70. Let q = v - -38. What is the units digit of q?
4
Let q = -18 + 20. Suppose -q = 2*j - 0, 0 = 4*h - 3*j - 23. Suppose -96 = -h*p - 1. What is the units digit of p?
9
Let d(u) = 28*u**3. Let p be d(1). Let f be 2/4 - 2/(-4). Let w = p - f. What is the tens digit of w?
2
Suppose h - 298 = -5*s + 3588, 16 = -4*h. What is the hundreds digit of s?
7
Let o = 31 + -28. What is the units digit of (-4 - -1)/o*-9?
9
Suppose -x - 1020 = -2*a, 2040 = -3*a + 7*a + x. What is the units digit of a?
0
Suppose 2*m = 3*f + 201 + 88, m + 5*f = 151. Let s = m + -34. What is the units digit of s?
2
Let o = -390 + 679. Suppose 0 = 10*s - o - 71. What is the units digit of s?
6
Let c = 11335 - 6466. What is the hundreds digit of c?
8
Let c = -79 - -152. Let w = 130 - c. What is the units digit of w?
7
Let k(t) = 8*t**2 + 8*t + 10. Let j(g) = g - 4*g**2 + 2*g - g**2 + 3 + 8*g**2. Let x(w) = 11*j(w) - 4*k(w). What is the units digit of x(-5)?
3
Let t = -19 - -14. Let w(b) = b**2 + 6*b + 8. Let z be w(t). Suppose -2*x = z*x - 130. What is the tens digit of x?
2
Let s(f) = 4. Let z(q) = q. Let x(d) = -s(d) + 5*z(d). Let r be x(6). Let h = r - 11. What is the tens digit of h?
1
Suppose 7439 = 17*n - 50480. What is the tens digit of n?
0
Suppose -5*d = -48 - 2. Suppose -6*n + d*n = 0. Suppose -4*w = -2*b - 9*w + 62, n = -4*b - 4*w + 100. What is the units digit of b?
1
Suppose 283 + 297 = 5*i. Let c = i - 58. What is the units digit of c?
8
Let c(r) = -r**3 - 5*r**2 - 5*r. Let u be c(-4). Suppose -33 = m - u*m. What is the tens digit of (m - 1)/(1/4)?
4
Let y(t) = 37*t**2 - 46*t + 322. What is the tens digit of y(9)?
0
Suppose -8*l - 42 = -9*l. What is the units digit of (l/(-4))/((-9)/12)?
4
Let i = -76 - -79. What is the units digit of (i/6 - 0)/(2/92)?
3
Suppose 0 = 6*n - n - 40. Suppose -6*y = -2*y + n. What is the units digit of 1 + y + (-112)/(-4)?
7
Suppose -r = -7 + 3. Suppose -287 = -r*y + o, y = 4*o - 0*o + 83. What is the units digit of y?
1
Suppose 3*q - 4*a = 497 + 175, 666 = 3*q - 2*a. What is the hundreds digit of q?
2
Let z(l) = l**3 - 2*l**2 + 4*l - 1. Let u be z(3). Suppose -19*f = -u*f + 254. What is the hundreds digit of f?
2
Let r = 222 - 113. What is the h